3, 17, 1201, 4337
List the prime factors of 1449079773.
3, 483026591
List the prime factors of 1347564711.
3, 109, 4120993
List the prime factors of 3338439500.
2, 5, 11, 179, 3391
What are the prime factors of 326353914?
2, 3, 71, 85121
List the prime factors of 2411910577.
31, 77803567
List the prime factors of 41088863.
103, 398921
What are the prime factors of 226220163?
3, 13, 173, 33529
What are the prime factors of 203785955?
5, 229, 177979
What are the prime factors of 594050467?
347, 1711961
List the prime factors of 5216227129.
29, 179869901
List the prime factors of 28117906.
2, 14058953
List the prime factors of 316471211.
7, 71, 636763
List the prime factors of 3060380411.
11, 29, 2053, 4673
What are the prime factors of 80151589?
7, 613, 18679
List the prime factors of 54927611.
23, 2388157
What are the prime factors of 87763706?
2, 2767, 15859
List the prime factors of 1567178005.
5, 313435601
List the prime factors of 17339281.
83, 208907
List the prime factors of 127764874.
2, 53, 263, 4583
List the prime factors of 21504091.
7, 89, 4931
List the prime factors of 381727655.
5, 47, 1624373
What are the prime factors of 484655474?
2, 242327737
What are the prime factors of 32485398?
2, 3, 11, 509, 967
What are the prime factors of 8059956603?
3, 2686652201
What are the prime factors of 131343741?
3, 79, 139, 443
List the prime factors of 61271385.
3, 5, 7, 583537
What are the prime factors of 2575421683?
41, 97, 647579
List the prime factors of 572295594.
2, 3, 13, 47, 156109
What are the prime factors of 151263525?
3, 5, 7, 23, 12527
What are the prime factors of 1642357391?
109, 15067499
What are the prime factors of 4701672053?
13, 361667081
What are the prime factors of 798801317?
29, 2531, 10883
List the prime factors of 46409707.
1783, 26029
List the prime factors of 284982984.
2, 3, 11, 13, 89, 311
List the prime factors of 3438169634.
2, 13591, 126487
What are the prime factors of 99143071?
1663, 59617
List the prime factors of 1085564678.
2, 11, 163, 302723
What are the prime factors of 83084407?
7, 1873, 6337
List the prime factors of 6245387386.
2, 7, 23, 229, 84697
List the prime factors of 3388938755.
5, 31, 21864121
What are the prime factors of 243915863?
19, 439, 29243
List the prime factors of 376560716.
2, 7, 13448597
What are the prime factors of 37326030?
2, 3, 5, 7, 177743
What are the prime factors of 80570966?
2, 7, 5755069
List the prime factors of 47953306.
2, 23976653
What are the prime factors of 109089288?
2, 3, 7, 11, 937
What are the prime factors of 125388991?
7, 13, 17, 11579
List the prime factors of 8226372276.
2, 3, 103, 2218547
List the prime factors of 2822137325.
5, 7, 47, 251, 1367
List the prime factors of 104004521.
17, 37, 165349
List the prime factors of 2329679260.
2, 5, 116483963
What are the prime factors of 1996428836?
2, 71, 397, 17707
What are the prime factors of 92934658?
2, 269, 172741
What are the prime factors of 4599926941?
181, 25413961
What are the prime factors of 95746273?
7, 1153, 11863
What are the prime factors of 7587469147?
103, 73664749
List the prime factors of 968673548.
2, 547, 442721
List the prime factors of 26812583.
7, 109, 35141
What are the prime factors of 89498365?
5, 11, 73, 22291
What are the prime factors of 274551962?
2, 137275981
What are the prime factors of 2363851641?
3, 1867, 422041
List the prime factors of 97030729.
97030729
What are the prime factors of 1225533285?
3, 5, 4127, 6599
List the prime factors of 1309790338.
2, 23, 3797, 7499
What are the prime factors of 13229521?
13229521
List the prime factors of 4437319.
29, 53, 2887
List the prime factors of 44510808.
2, 3, 1854617
List the prime factors of 310564931.
1237, 251063
List the prime factors of 58389348.
2, 3, 1291, 3769
List the prime factors of 3581305677.
3, 132640951
List the prime factors of 814801716.
2, 3, 37, 421, 1453
What are the prime factors of 189554580?
2, 3, 5, 13001
List the prime factors of 97532145.
3, 5, 17, 127493
List the prime factors of 235961054.
2, 7, 17, 61, 16253
List the prime factors of 1058449534.
2, 9883, 53549
What are the prime factors of 60615753?
3, 11, 41, 71, 631
What are the prime factors of 1060485379?
37, 563, 50909
What are the prime factors of 4193799912?
2, 3, 103, 565507
List the prime factors of 80943292.
2, 29, 697787
What are the prime factors of 1870182274?
2, 17, 19, 53, 54623
What are the prime factors of 633030851?
633030851
What are the prime factors of 891933509?
17, 52466677
List the prime factors of 11826135.
3, 5, 17, 5153
List the prime factors of 63996131.
63996131
List the prime factors of 215695168.
2, 13, 131, 1979
List the prime factors of 880950684.
2, 3, 31, 101, 23447
List the prime factors of 72402750.
2, 3, 5, 7, 4597
What are the prime factors of 225367372?
2, 139, 397, 1021
What are the prime factors of 98847859?
11, 23, 390703
What are the prime factors of 190048699?
103, 1845133
List the prime factors of 521561511.
3, 563, 11437
What are the prime factors of 950692022?
2, 7, 9700939
List the prime factors of 967474253.
41, 101, 167, 1399
What are the prime factors of 1410009373?
1410009373
What are the prime factors of 513467973?
3, 31, 59, 31193
What are the prime factors of 51603318?
2, 3, 13, 107, 229
What are the prime factors of 9699182?
2, 4849591
What are the prime factors of 149137516?
2, 11, 3389489
What are the prime factors of 745145248?
2, 23285789
What are the prime factors of 8367696?
2, 3, 58109
What are the prime factors of 30448487?
30448487
List the prime factors of 163098201.
3, 7, 61, 127321
What are the prime factors of 736816119?
3, 13, 18892721
List the prime factors of 38854920.
2, 3, 5, 13, 24907
List the prime factors of 47061711.
3, 47, 71, 1567
What are the prime factors of 4449196528?
2, 7, 61, 701, 929
What are the prime factors of 24859724?
2, 6214931
List the prime factors of 2184777960.
2, 3, 5, 18206483
List the prime factors of 474415732.
2, 7, 43, 191, 2063
List the prime factors of 1014054458.
2, 7433, 68213
List the prime factors of 166840255.
5, 33368051
List the prime factors of 45178554.
2, 3, 17, 37, 11971
List the prime factors of 466211999.
11, 349, 121441
List the prime factors of 4143540610.
2, 5, 11, 239, 397
What are the prime factors of 21858425?
5, 874337
What are the prime factors of 1875194789?
13, 144245753
What are the prime factors of 130186548?
2, 3, 109, 11059
List the prime factors of 337061677.
337061677
List the prime factors of 1180854859.
113, 10450043
What are the prime factors of 2446142572?
2, 89, 139, 49433
List the prime factors of 75843896.
2, 19, 498973
List the prime factors of 115920326.
2, 101, 573863
What are the prime factors of 1553120388?
2, 3, 863, 49991
List the prime factors of 95193667.
19, 67, 74779
List the prime factors of 41657612.
2, 10414403
What are the prime factors of 236098492?
2, 7, 8432089
What are the prime factors of 34713627?
3, 13, 19, 79, 593
List the prime factors of 5783170753.
5783170753
List the prime factors of 87964701.
3, 11, 31, 7817
What are the prime factors of 1901833711?
1901833711
What are the prime factors of 45205029?
3, 233, 21557
What are the prime factors of 22445418?
2, 3, 3740903
What are the prime factors of 43496302?
2, 17, 1279303
List the prime factors of 1814128163.
9059, 200257
What are the prime factors of 228082179?
3, 13, 809, 7229
List the prime factors of 1696440155.
5, 339288031
List the prime factors of 775527931.
775527931
List the prime factors of 5939088674.
2, 2969544337
What are the prime factors of 71708137?
127, 269, 2099
What are the prime factors of 141119118?
2, 3, 7, 19, 401
What are the prime factors of 928794359?
211, 4401869
What are the prime factors of 4407366621?
3, 7, 547, 383683
List the prime factors of 2716446993.
3, 13, 23, 239, 12671
What are the prime factors of 835796225?
5, 11, 19, 8419
What are the prime factors of 52748950?
2, 5, 59, 17881
List the prime factors of 215861883.
3, 71953961
What are the prime factors of 2123540279?
7, 303362897
List the prime factors of 58455863.
31, 1885673
What are the prime factors of 231604551?
3, 1973, 13043
What are the prime factors of 15742766?
2, 13, 29, 20879
List the prime factors of 6133588422.
2, 3, 13, 857, 